culate the remainder when j is divided by 46.
39
Suppose 2*s = -3*k + 295, -5*k - 3*s + 140 = -351. What is the remainder when k is divided by ((-6)/10 + 1)*65?
19
Suppose 41*h - 46*h + 235 = 0. What is the remainder when h is divided by (-103)/(-4) - (-6)/(-8)?
22
Suppose -k - 4*w - 153 = -6*k, -5*k + w = -147. Let p = -4 + 1. What is the remainder when k is divided by (4/p - 0)*-12?
13
Let o(a) = -3*a - 20. Let y be o(-10). Suppose 6*j - j = -10, 2*l - y = -4*j. What is the remainder when 18 is divided by l?
0
Suppose 18*p - 8 = 16*p. What is the remainder when 21 is divided by p?
1
Let i be (-4 + (-22)/(-4))/((-3)/(-2)). What is the remainder when 0 + ((-18)/(-2))/i is divided by 2 + 1 + -2 - -4?
4
Let p be (-17 + 7)*(-2)/(-1). Suppose 3*t - 107 = 37. What is the remainder when t is divided by -2*(-125)/p*-2?
23
What is the remainder when 104 is divided by (6 + -6 - -44) + -7?
30
Suppose -60 = -v - 0*v. Let c be v/9*(7 - 1). Calculate the remainder when (c/60)/((-2)/(-177)) is divided by 16.
11
Suppose -2*k + 80 = 6*x - 5*x, 2*x + 3*k - 156 = 0. Calculate the remainder when x is divided by 37.
35
Let r(d) = -16*d - 10. Calculate the remainder when 409 is divided by r(-5).
59
What is the remainder when 119 is divided by (-5 - (-2 + -19)) + 4/1?
19
Let c = -9 - -20. Let d(r) be the first derivative of -19*r**2/2 + 3*r + 3. What is the remainder when d(-2) is divided by c?
8
What is the remainder when 30/(7 + 198/(-30)) is divided by 11?
9
Let k(o) = -43*o + 449. What is the remainder when k(6) is divided by 20?
11
Let m(a) = a**2 + 23*a + 29. Let z be m(-22). Let c(r) = 8*r - 46. Calculate the remainder when 78 is divided by c(z).
8
Let j(b) = -2*b**2 - 45*b - 13. Let y be 66/(-88)*(0 - -28). What is the remainder when j(y) is divided by 30?
20
Let f be (-6)/(-9)*-1*18. Suppose 20*r = 37*r + 357. Let j = f - r. What is the remainder when 24 is divided by j?
6
Let m(c) be the first derivative of -c**3/3 + 6*c**2 - c - 4. What is the remainder when m(7) is divided by (1 - -11)/(5 - 4)?
10
Let d = 33 - 27. Let f(t) = 44*t - 3. Let z(b) = 45*b - 3. Let l(x) = d*z(x) - 7*f(x). What is the remainder when l(-1) is divided by 21?
20
Suppose 17 = -5*v + 307. Let k(p) = -p**2 + 9*p + 67. Calculate the remainder when v is divided by k(13).
13
Let z(y) = -22*y**3 - y. Let j be z(-1). Let o = j + -19. Let i = 38 - 27. What is the remainder when i is divided by o?
3
Suppose 4*s = -3*h + 102, 3*s = -2*s - 15. What is the remainder when h is divided by 25?
13
Suppose 0 = 11*d - 2*d - 2097. Calculate the remainder when d is divided by 13.
12
Suppose i = 3*y + 16, -i - 4*y = -32 + 2. Let z = 3 + i. What is the remainder when 97 is divided by z?
22
Let r(o) = -o**2 + 10*o + 10. Let y be r(8). Suppose 10 = 3*i - y. Suppose 0 = -b + i - 2. Calculate the remainder when 39 is divided by b.
9
Suppose 2*m - 7*d + 12 = -3*d, d = -4*m + 12. Suppose -4*a - 121 = 5*h, -8*h + 3*h = m*a + 123. What is the remainder when 31 is divided by -2*5/(h/20)?
7
Suppose -18*f = -22*f + 140. Let x = f - 19. What is the remainder when 79 is divided by x?
15
Suppose 4*h = -4*k + 8 + 56, 5*h - 73 = 2*k. Calculate the remainder when h is divided by 6.
3
Let f = -216 + 358. Suppose -44*n = -77*n + 957. Calculate the remainder when f is divided by n.
26
Suppose 4*t + 2*v - 20 = 0, 23 = 5*t + 2*v - 0*v. Suppose 2*l + 93 = t*l. Calculate the remainder when l is divided by 19.
17
Suppose -19*q + 20*q - 296 = 0. What is the remainder when q is divided by 12?
8
Let o(c) = -22*c - 570. What is the remainder when 3573 is divided by o(-27)?
21
Let s = -8 + 8. Suppose -4*g + s*b = 4*b - 8, 3 = 2*g + b. Suppose -g + 13 = 2*v. Calculate the remainder when 23 is divided by v.
5
Suppose -11*s = -22 - 660. Calculate the remainder when 173 is divided by s.
49
Let s = 368 - 359. What is the remainder when 14 is divided by s?
5
Suppose 5*h = -122 + 297. Let y = 17 + -4. What is the remainder when h is divided by y?
9
Suppose 73 = -5*a + 1263. Let x = -321 + 351. What is the remainder when a is divided by x?
28
What is the remainder when (-78)/(-182) + 1593/7 is divided by 21?
18
Suppose 0 = 17*v - 18*v - 1. What is the remainder when 20 is divided by (-25 - -20)*(v + 0)?
0
Let b(w) be the second derivative of w**4/12 - w**3/2 + 9*w**2/2 + w + 1. What is the remainder when b(10) is divided by 20?
19
Suppose 3*w = 20 + 4. Suppose q + 0*l - 49 = 5*l, 4*q + 2*l - 108 = 0. What is the remainder when q is divided by w?
5
Let z = -239 - -246. Calculate the remainder when 389 is divided by z.
4
Suppose 3*l = -4*x + 1013, 4*x - l = 7*x - 766. Let h = x + -219. What is the remainder when (74/(-1))/(-1 - 0) is divided by h?
36
Let x(o) = -o**3 + 14*o**2 - 13*o + 4. Let a be x(13). Suppose -g = a*j + g - 26, 3*j - 5*g - 26 = 0. What is the remainder when j is divided by 5?
2
Suppose -7*p + 589 = -5*p - z, 5*z = -3*p + 877. What is the remainder when p is divided by 41?
7
Suppose 3*d = 8*j - 11*j + 204, 3*j - 3*d - 228 = 0. What is the remainder when j is divided by 27?
18
Suppose s = 2*y + y + 84, 5*s - 3*y = 396. Let v(o) = o**2 - 9*o + 9. Let c be v(6). Let p(j) = -3*j. Calculate the remainder when s is divided by p(c).
24
Let o(n) = -n**3 + 22*n**2 + 26*n - 45. Suppose -c + 5*t + 36 = c, -4*t - 15 = -c. Calculate the remainder when 47 is divided by o(c).
23
Let l = -17 + 24. Let q be -7*(-2)/l*2. Let n(m) = m**3 - 4*m**2 + 2*m - 5. Calculate the remainder when n(q) is divided by 3.
0
Let i = 32 - 16. Suppose z - 4 = -h - 2*h, -4*z - 4*h + i = 0. Suppose 3*x - z*u - 1 = 0, 7*x = 3*x + 2*u + 8. What is the remainder when 5 is divided by x?
2
Let r be (3*8)/(1/(-2)). Calculate the remainder when 31 is divided by (-3)/((-3)/r*-6).
7
Suppose -5*m + 13 = -4*b, 5*b + 2*m = -3*m + 40. Suppose -b*g + 44 + 4 = 0. What is the remainder when 62 is divided by g?
14
Let r(n) be the third derivative of -n**6/120 + 2*n**5/15 + n**4/12 - 3*n**3/2 + 8*n**2. Let s = 12 + -7. What is the remainder when r(8) is divided by s?
2
Suppose 3*g + 69 = f, 0 = 2*g + 3 + 7. Calculate the remainder when f is divided by 28.
26
Suppose 9*b - 200 - 1798 = 0. What is the remainder when b is divided by 14?
12
Suppose 0 = 14*d - 31*d + 3434. Calculate the remainder when d is divided by 26.
20
Suppose 7*u = 4*o + 10*u - 202, 0 = 4*o + 4*u - 200. Calculate the remainder when 154 is divided by o.
50
Let s = 44 + -22. What is the remainder when 83 is divided by s?
17
Suppose 4*m + 45 = 169. Suppose -4*h + 4*k + 17 = -m, 4*h = k + 36. Calculate the remainder when 14 is divided by h.
6
Suppose 246 = 15*p + 51. Calculate the remainder when 28 is divided by p.
2
Suppose -44 = -5*c - q - 7, 2*q = -3*c + 25. Suppose -k + 17 = 3*p - c, -2*p - 2*k = -16. What is the remainder when 63 is divided by p?
7
Let w(y) = 2*y**3 - 29*y**2 - 9*y + 21. What is the remainder when w(15) is divided by 23?
19
Suppose 2*m = -0*m + 352. Suppose 3*h - 3*b - 111 = 0, 0*b = -4*h - 3*b + m. Let n = 18 - 7. Calculate the remainder when h is divided by n.
8
Let q = -17 + 19. Suppose -2*u + 4 = -4*l, -2*l - 8 = -3*u + q*l. Let c = 10 + -8. Calculate the remainder when u is divided by c.
0
Suppose -2*y - 3*r = -276, -33*y + 28*y + 3*r + 711 = 0. Calculate the remainder when y is divided by 48.
45
Let p(c) = c**2 + 11*c + 16. Calculate the remainder when 17 is divided by p(-10).
5
What is the remainder when ((-3)/2)/(4/(42448/(-21))) is divided by 76?
74
Let k = 3 + -1. Suppose 3*f + 80 = 5*g + k*f, g = 4*f + 16. What is the remainder when 63 is divided by g?
15
Suppose 2*y = -3*y. Suppose y = -3*w + 6*w - 66. Calculate the remainder when w is divided by 12.
10
Suppose -132*z - 200 = -142*z. What is the remainder when 48 is divided by z?
8
Suppose r - 13 = 5*t + 24, -4*r = -t - 129. What is the remainder when 50 is divided by r?
18
Let a = 10 + -9. Let v = a - -39. Calculate the remainder when v is divided by 7.
5
Let q = 106 + -63. Suppose -68*b + 129 = -959. Calculate the remainder when q is divided by b.
11
Let s(l) = -l**3 - 5*l**2 - 7*l - 9. Let c = -73 + 68. Calculate the remainder when 61 is divided by s(c).
9
Suppose -3*o + 13 = -5. Let s(k) = -k + 3. Let r be s(1). What is the remainder when ((-7)/r)/((-3)/18) is divided by o?
3
Suppose -2*u - 22*u + 696 = 0. What is the rema